{"id":295,"date":"2020-06-15T10:41:09","date_gmt":"2020-06-15T08:41:09","guid":{"rendered":"http:\/\/www.ergotherapie-k\u00e4rnten.at\/?page_id=295"},"modified":"2021-05-05T17:17:12","modified_gmt":"2021-05-05T15:17:12","slug":"craniosacrale-osteopathie-bei-erwachsenen","status":"publish","type":"page","link":"https:\/\/www.ergotherapie-k\u00e4rnten.at\/?page_id=295","title":{"rendered":"Craniosacrale Osteopathie bei Erwachsenen"},"content":{"rendered":"\n<h2 class=\"wp-block-heading\">Bew\u00e4hrte Indikationen f\u00fcr die Craniosacrale Osteopathie bei Jugendlichen und Erwachsenen als pr\u00e4ventive Ma\u00dfnahme<\/h2>\n\n\n\n<ul class=\"wp-block-list\"><li>R\u00fcckenschmerzen, Kopfschmerzen und Migr\u00e4ne<\/li><li>Kiefergelenksproblemen, nach Kieferchirurgischen und -orthop\u00e4dischen Eingriffen<\/li><li>Zahn- und Kieferregulationen als begleitende, unterst\u00fctzende Ma\u00dfnahme<\/li><li>Tinnitus oder akuter H\u00f6rsturz<\/li><li>Nach sportlicher \u00dcberlastung <\/li><li>Schlafproblemen<\/li><li>Ersch\u00f6pfung nach beruflicher oder famili\u00e4rer Belastung (Burnout)<\/li><li>Psychosomatischen Beschwerden und Depressionen<\/li><li>Unfallbedingte Problemen (St\u00fcrze, Schleudertrauma, Gehirnersch\u00fctterung, SHT,..)<\/li><li>Unterst\u00fctzung bei neurologischen Erkrankungen (Facialisparese, Trigeminusneuralgien, MS, Parkinson..)<\/li><\/ul>\n\n\n\n<h2 class=\"wp-block-heading\">W\u00e4hrend der Schwangerschaft<\/h2>\n\n\n\n<ul class=\"wp-block-list\"><li>&nbsp;Morgen\u00fcbelkeit, R\u00fccken-, Becken- und H\u00fcftschmerzen, Schlafschwierigkeiten, Abgeschlagenheit und Energielosigkeit, Emotionales Ungleichgewicht\u2026<br><\/li><\/ul>\n\n\n\n<div class=\"wp-block-image is-style-default\"><figure class=\"aligncenter size-large\"><img loading=\"lazy\" decoding=\"async\" width=\"684\" height=\"1024\" src=\"https:\/\/www.ergotherapie-k\u00e4rnten.at\/wp-content\/uploads\/2020\/10\/kaernten_schwanger_schwangerschaft_cranio_klagenfurt-684x1024.jpg\" alt=\"\" class=\"wp-image-450\" srcset=\"https:\/\/www.ergotherapie-k\u00e4rnten.at\/wp-content\/uploads\/2020\/10\/kaernten_schwanger_schwangerschaft_cranio_klagenfurt-684x1024.jpg 684w, https:\/\/www.ergotherapie-k\u00e4rnten.at\/wp-content\/uploads\/2020\/10\/kaernten_schwanger_schwangerschaft_cranio_klagenfurt-200x300.jpg 200w, https:\/\/www.ergotherapie-k\u00e4rnten.at\/wp-content\/uploads\/2020\/10\/kaernten_schwanger_schwangerschaft_cranio_klagenfurt-768x1150.jpg 768w, https:\/\/www.ergotherapie-k\u00e4rnten.at\/wp-content\/uploads\/2020\/10\/kaernten_schwanger_schwangerschaft_cranio_klagenfurt-1025x1536.jpg 1025w, https:\/\/www.ergotherapie-k\u00e4rnten.at\/wp-content\/uploads\/2020\/10\/kaernten_schwanger_schwangerschaft_cranio_klagenfurt-1367x2048.jpg 1367w, https:\/\/www.ergotherapie-k\u00e4rnten.at\/wp-content\/uploads\/2020\/10\/kaernten_schwanger_schwangerschaft_cranio_klagenfurt-scaled.jpg 1709w\" sizes=\"auto, (max-width: 684px) 100vw, 684px\" \/><figcaption>\u00a9 KK\/Kong<\/figcaption><\/figure><\/div>\n\n\n\n<h2 class=\"wp-block-heading\">Nach der Geburt<\/h2>\n\n\n\n<ul class=\"wp-block-list\"><li>nach emotional oder k\u00f6rperlich belastender Schwangerschaft oder Geburt,&nbsp; Kaiserschnitt, Dammverletzungen, Schmerzen im Beckenbereich, R\u00fccken oder Nacken,&#8230;<\/li><\/ul>\n\n\n\n<p>&#8230; sowie als stabilisierende, ausgleichende und erholsame Ma\u00dfnahme in jeglichen Lebensbereichen!<\/p>\n","protected":false},"excerpt":{"rendered":"<p>Bew\u00e4hrte Indikationen f\u00fcr die Craniosacrale Osteopathie bei Jugendlichen und Erwachsenen als pr\u00e4ventive Ma\u00dfnahme R\u00fcckenschmerzen, Kopfschmerzen und Migr\u00e4ne Kiefergelenksproblemen, nach Kieferchirurgischen und -orthop\u00e4dischen Eingriffen Zahn- und Kieferregulationen als begleitende, unterst\u00fctzende Ma\u00dfnahme Tinnitus oder akuter H\u00f6rsturz Nach sportlicher \u00dcberlastung Schlafproblemen Ersch\u00f6pfung nach beruflicher oder famili\u00e4rer Belastung (Burnout) Psychosomatischen Beschwerden und Depressionen Unfallbedingte Problemen (St\u00fcrze, Schleudertrauma, Gehirnersch\u00fctterung, SHT,..) &hellip; <\/p>\n<p class=\"link-more\"><a href=\"https:\/\/www.ergotherapie-k\u00e4rnten.at\/?page_id=295\" class=\"more-link\"><span class=\"screen-reader-text\">\u201eCraniosacrale Osteopathie bei Erwachsenen\u201c<\/span> weiterlesen<\/a><\/p>\n","protected":false},"author":1,"featured_media":337,"parent":0,"menu_order":0,"comment_status":"closed","ping_status":"closed","template":"","meta":{"footnotes":""},"class_list":["post-295","page","type-page","status-publish","has-post-thumbnail","hentry"],"yoast_head":"<!-- This site is optimized with the Yoast SEO plugin v24.9 - https:\/\/yoast.com\/wordpress\/plugins\/seo\/ -->\n<title>Craniosacrale Osteopathie bei Erwachsenen - Ergotherapie<\/title>\n<meta name=\"description\" content=\"Craniosacrale Osteopathie bei Erwachsenen in Klagenfurt in K\u00e4rnten. Kathrin Rabensteiner-Vierbach. Ergotherapie, Therapien f\u00fcr Kinder, Babys, Erwachsene.\" \/>\n<meta name=\"robots\" content=\"index, follow, max-snippet:-1, max-image-preview:large, max-video-preview:-1\" \/>\n<link rel=\"canonical\" href=\"https:\/\/www.ergotherapie-k\u00e4rnten.at\/?page_id=295\" \/>\n<meta property=\"og:locale\" content=\"de_DE\" \/>\n<meta property=\"og:type\" content=\"article\" \/>\n<meta property=\"og:title\" content=\"Craniosacrale Osteopathie bei Erwachsenen - Ergotherapie\" \/>\n<meta property=\"og:description\" content=\"Craniosacrale Osteopathie bei Erwachsenen in Klagenfurt in K\u00e4rnten. Kathrin Rabensteiner-Vierbach. Ergotherapie, Therapien f\u00fcr Kinder, Babys, Erwachsene.\" \/>\n<meta property=\"og:url\" content=\"https:\/\/www.ergotherapie-k\u00e4rnten.at\/?page_id=295\" \/>\n<meta property=\"og:site_name\" content=\"Ergotherapie\" \/>\n<meta property=\"article:modified_time\" content=\"2021-05-05T15:17:12+00:00\" \/>\n<meta property=\"og:image\" content=\"https:\/\/www.ergotherapie-k\u00e4rnten.at\/wp-content\/uploads\/2020\/07\/ergotherapie_klagenfurt_kaernten-1024x614.jpg\" \/>\n\t<meta property=\"og:image:width\" content=\"1024\" \/>\n\t<meta property=\"og:image:height\" content=\"614\" \/>\n\t<meta property=\"og:image:type\" content=\"image\/jpeg\" \/>\n<meta name=\"twitter:card\" content=\"summary_large_image\" \/>\n<meta name=\"twitter:label1\" content=\"Gesch\u00e4tzte Lesezeit\" \/>\n\t<meta name=\"twitter:data1\" content=\"1\u00a0Minute\" \/>\n<script type=\"application\/ld+json\" class=\"yoast-schema-graph\">{\"@context\":\"https:\/\/schema.org\",\"@graph\":[{\"@type\":\"WebPage\",\"@id\":\"https:\/\/www.ergotherapie-k\u00e4rnten.at\/?page_id=295\",\"url\":\"https:\/\/www.ergotherapie-k\u00e4rnten.at\/?page_id=295\",\"name\":\"Craniosacrale Osteopathie bei Erwachsenen - Ergotherapie\",\"isPartOf\":{\"@id\":\"https:\/\/www.ergotherapie-k\u00e4rnten.at\/#website\"},\"primaryImageOfPage\":{\"@id\":\"https:\/\/www.ergotherapie-k\u00e4rnten.at\/?page_id=295#primaryimage\"},\"image\":{\"@id\":\"https:\/\/www.ergotherapie-k\u00e4rnten.at\/?page_id=295#primaryimage\"},\"thumbnailUrl\":\"https:\/\/www.ergotherapie-k\u00e4rnten.at\/wp-content\/uploads\/2020\/07\/ergotherapie_klagenfurt_kaernten.jpg\",\"datePublished\":\"2020-06-15T08:41:09+00:00\",\"dateModified\":\"2021-05-05T15:17:12+00:00\",\"description\":\"Craniosacrale Osteopathie bei Erwachsenen in Klagenfurt in K\u00e4rnten. Kathrin Rabensteiner-Vierbach. Ergotherapie, Therapien f\u00fcr Kinder, Babys, Erwachsene.\",\"breadcrumb\":{\"@id\":\"https:\/\/www.ergotherapie-k\u00e4rnten.at\/?page_id=295#breadcrumb\"},\"inLanguage\":\"de\",\"potentialAction\":[{\"@type\":\"ReadAction\",\"target\":[\"https:\/\/www.ergotherapie-k\u00e4rnten.at\/?page_id=295\"]}]},{\"@type\":\"ImageObject\",\"inLanguage\":\"de\",\"@id\":\"https:\/\/www.ergotherapie-k\u00e4rnten.at\/?page_id=295#primaryimage\",\"url\":\"https:\/\/www.ergotherapie-k\u00e4rnten.at\/wp-content\/uploads\/2020\/07\/ergotherapie_klagenfurt_kaernten.jpg\",\"contentUrl\":\"https:\/\/www.ergotherapie-k\u00e4rnten.at\/wp-content\/uploads\/2020\/07\/ergotherapie_klagenfurt_kaernten.jpg\",\"width\":2000,\"height\":1200},{\"@type\":\"BreadcrumbList\",\"@id\":\"https:\/\/www.ergotherapie-k\u00e4rnten.at\/?page_id=295#breadcrumb\",\"itemListElement\":[{\"@type\":\"ListItem\",\"position\":1,\"name\":\"Startseite\",\"item\":\"https:\/\/www.ergotherapie-k\u00e4rnten.at\/\"},{\"@type\":\"ListItem\",\"position\":2,\"name\":\"Craniosacrale Osteopathie bei Erwachsenen\"}]},{\"@type\":\"WebSite\",\"@id\":\"https:\/\/www.ergotherapie-k\u00e4rnten.at\/#website\",\"url\":\"https:\/\/www.ergotherapie-k\u00e4rnten.at\/\",\"name\":\"Ergotherapie\",\"description\":\"Kathrin Rabensteiner-Vierbach\",\"potentialAction\":[{\"@type\":\"SearchAction\",\"target\":{\"@type\":\"EntryPoint\",\"urlTemplate\":\"https:\/\/www.ergotherapie-k\u00e4rnten.at\/?s={search_term_string}\"},\"query-input\":{\"@type\":\"PropertyValueSpecification\",\"valueRequired\":true,\"valueName\":\"search_term_string\"}}],\"inLanguage\":\"de\"}]}<\/script>\n<!-- \/ Yoast SEO plugin. -->","yoast_head_json":{"title":"Craniosacrale Osteopathie bei Erwachsenen - Ergotherapie","description":"Craniosacrale Osteopathie bei Erwachsenen in Klagenfurt in K\u00e4rnten. Kathrin Rabensteiner-Vierbach. Ergotherapie, Therapien f\u00fcr Kinder, Babys, Erwachsene.","robots":{"index":"index","follow":"follow","max-snippet":"max-snippet:-1","max-image-preview":"max-image-preview:large","max-video-preview":"max-video-preview:-1"},"canonical":"https:\/\/www.ergotherapie-k\u00e4rnten.at\/?page_id=295","og_locale":"de_DE","og_type":"article","og_title":"Craniosacrale Osteopathie bei Erwachsenen - Ergotherapie","og_description":"Craniosacrale Osteopathie bei Erwachsenen in Klagenfurt in K\u00e4rnten. Kathrin Rabensteiner-Vierbach. Ergotherapie, Therapien f\u00fcr Kinder, Babys, Erwachsene.","og_url":"https:\/\/www.ergotherapie-k\u00e4rnten.at\/?page_id=295","og_site_name":"Ergotherapie","article_modified_time":"2021-05-05T15:17:12+00:00","og_image":[{"width":1024,"height":614,"url":"https:\/\/www.ergotherapie-k\u00e4rnten.at\/wp-content\/uploads\/2020\/07\/ergotherapie_klagenfurt_kaernten-1024x614.jpg","type":"image\/jpeg"}],"twitter_card":"summary_large_image","twitter_misc":{"Gesch\u00e4tzte Lesezeit":"1\u00a0Minute"},"schema":{"@context":"https:\/\/schema.org","@graph":[{"@type":"WebPage","@id":"https:\/\/www.ergotherapie-k\u00e4rnten.at\/?page_id=295","url":"https:\/\/www.ergotherapie-k\u00e4rnten.at\/?page_id=295","name":"Craniosacrale Osteopathie bei Erwachsenen - Ergotherapie","isPartOf":{"@id":"https:\/\/www.ergotherapie-k\u00e4rnten.at\/#website"},"primaryImageOfPage":{"@id":"https:\/\/www.ergotherapie-k\u00e4rnten.at\/?page_id=295#primaryimage"},"image":{"@id":"https:\/\/www.ergotherapie-k\u00e4rnten.at\/?page_id=295#primaryimage"},"thumbnailUrl":"https:\/\/www.ergotherapie-k\u00e4rnten.at\/wp-content\/uploads\/2020\/07\/ergotherapie_klagenfurt_kaernten.jpg","datePublished":"2020-06-15T08:41:09+00:00","dateModified":"2021-05-05T15:17:12+00:00","description":"Craniosacrale Osteopathie bei Erwachsenen in Klagenfurt in K\u00e4rnten. Kathrin Rabensteiner-Vierbach. Ergotherapie, Therapien f\u00fcr Kinder, Babys, Erwachsene.","breadcrumb":{"@id":"https:\/\/www.ergotherapie-k\u00e4rnten.at\/?page_id=295#breadcrumb"},"inLanguage":"de","potentialAction":[{"@type":"ReadAction","target":["https:\/\/www.ergotherapie-k\u00e4rnten.at\/?page_id=295"]}]},{"@type":"ImageObject","inLanguage":"de","@id":"https:\/\/www.ergotherapie-k\u00e4rnten.at\/?page_id=295#primaryimage","url":"https:\/\/www.ergotherapie-k\u00e4rnten.at\/wp-content\/uploads\/2020\/07\/ergotherapie_klagenfurt_kaernten.jpg","contentUrl":"https:\/\/www.ergotherapie-k\u00e4rnten.at\/wp-content\/uploads\/2020\/07\/ergotherapie_klagenfurt_kaernten.jpg","width":2000,"height":1200},{"@type":"BreadcrumbList","@id":"https:\/\/www.ergotherapie-k\u00e4rnten.at\/?page_id=295#breadcrumb","itemListElement":[{"@type":"ListItem","position":1,"name":"Startseite","item":"https:\/\/www.ergotherapie-k\u00e4rnten.at\/"},{"@type":"ListItem","position":2,"name":"Craniosacrale Osteopathie bei Erwachsenen"}]},{"@type":"WebSite","@id":"https:\/\/www.ergotherapie-k\u00e4rnten.at\/#website","url":"https:\/\/www.ergotherapie-k\u00e4rnten.at\/","name":"Ergotherapie","description":"Kathrin Rabensteiner-Vierbach","potentialAction":[{"@type":"SearchAction","target":{"@type":"EntryPoint","urlTemplate":"https:\/\/www.ergotherapie-k\u00e4rnten.at\/?s={search_term_string}"},"query-input":{"@type":"PropertyValueSpecification","valueRequired":true,"valueName":"search_term_string"}}],"inLanguage":"de"}]}},"_links":{"self":[{"href":"https:\/\/www.ergotherapie-k\u00e4rnten.at\/index.php?rest_route=\/wp\/v2\/pages\/295","targetHints":{"allow":["GET"]}}],"collection":[{"href":"https:\/\/www.ergotherapie-k\u00e4rnten.at\/index.php?rest_route=\/wp\/v2\/pages"}],"about":[{"href":"https:\/\/www.ergotherapie-k\u00e4rnten.at\/index.php?rest_route=\/wp\/v2\/types\/page"}],"author":[{"embeddable":true,"href":"https:\/\/www.ergotherapie-k\u00e4rnten.at\/index.php?rest_route=\/wp\/v2\/users\/1"}],"replies":[{"embeddable":true,"href":"https:\/\/www.ergotherapie-k\u00e4rnten.at\/index.php?rest_route=%2Fwp%2Fv2%2Fcomments&post=295"}],"version-history":[{"count":18,"href":"https:\/\/www.ergotherapie-k\u00e4rnten.at\/index.php?rest_route=\/wp\/v2\/pages\/295\/revisions"}],"predecessor-version":[{"id":468,"href":"https:\/\/www.ergotherapie-k\u00e4rnten.at\/index.php?rest_route=\/wp\/v2\/pages\/295\/revisions\/468"}],"wp:featuredmedia":[{"embeddable":true,"href":"https:\/\/www.ergotherapie-k\u00e4rnten.at\/index.php?rest_route=\/wp\/v2\/media\/337"}],"wp:attachment":[{"href":"https:\/\/www.ergotherapie-k\u00e4rnten.at\/index.php?rest_route=%2Fwp%2Fv2%2Fmedia&parent=295"}],"curies":[{"name":"wp","href":"https:\/\/api.w.org\/{rel}","templated":true}]}}